645. Give t(643).
2
Let h(p) = 1497*p + 148130. What is h(-98)?
1424
Let z(b) = -11*b**2 + 933*b + 10418. What is z(-10)?
-12
Let v(o) = 8839*o + 194461. Calculate v(-22).
3
Let n(u) = 43*u + 2558. What is n(-49)?
451
Let o(x) = -8*x**3 + 3265*x**2 + 9444*x + 3674. What is o(411)?
-25
Let b(l) = -2*l**2 - 277*l - 806. Determine b(-3).
7
Let b(w) = w**3 - w**2 + 257*w + 2239. What is b(-7)?
48
Let w(s) = 3644*s + 106626. Give w(-29).
950
Let q(p) = -p**3 - 39*p**2 - 375*p + 62. Calculate q(-22).
84
Let c(y) = y**3 + 906*y**2 + 141703*y - 409. Determine c(-201).
-7
Let m(q) = -1206*q - 24964. Give m(-21).
362
Let l(t) = 5*t**3 - 1429*t**2 - 1720*t - 467. Give l(287).
107
Let h(c) = -21*c**2 - 458*c - 349. Give h(-21).
8
Let x(a) = -a**2 + 66*a - 1097. Calculate x(13).
-408
Let a(p) = -p**2 - 430*p - 5427. Give a(-417).
-6
Let j(z) = 203*z - 4852. Give j(7).
-3431
Let h(n) = n**3 - 36*n**2 - 29*n - 539. What is h(37)?
-243
Let u(t) = 4171*t + 1188649. Calculate u(-285).
-86
Let s(u) = -17*u**2 - 118*u - 18. What is s(-5)?
147
Let u(g) = 16957*g + 237396. Determine u(-14).
-2
Let a(q) = -q**3 - 3027*q**2 - 9088*q - 33. Calculate a(-3).
15
Let t(z) = -2730*z - 26556. Determine t(-10).
744
Let r(l) = -l**3 + 9*l**2 - 141*l + 1789. Calculate r(11).
-4
Let d(z) = -795*z + 130408. Give d(164).
28
Let u(a) = -2*a - 1110. What is u(-85)?
-940
Let d(r) = 13260*r - 9162649. Calculate d(691).
11
Let a(i) = -719*i - 66148. What is a(-92)?
0
Let f(b) = 2693*b - 27261. Determine f(10).
-331
Let o(s) = -3*s**3 + 275*s**2 - 5643*s - 31. Give o(31).
-62
Let f(z) = -z**3 - 57*z**2 - 580*z - 55. What is f(-45)?
1745
Let v(j) = j**3 + 64*j**2 - 23132*j - 1518017. What is v(-66)?
-17
Let y(j) = -898*j + 3707. What is y(6)?
-1681
Let i(z) = 246*z - 341. Determine i(-3).
-1079
Let i(k) = 4219*k + 16858. Calculate i(-4).
-18
Let y(m) = -149980*m - 83388879. Give y(-556).
1
Let d(h) = -15*h**2 + 137*h - 144. Determine d(8).
-8
Let b(u) = -57*u - 17060. Calculate b(-272).
-1556
Let i(x) = -6031*x**2 - 162853*x - 437. Determine i(-27).
-5
Let m(f) = -935*f - 144068. Calculate m(-154).
-78
Let w(u) = u**3 + 37*u**2 + 58*u - 372. Determine w(-35).
48
Let u(a) = a**3 - 938*a**2 + 60755*a + 360. Determine u(70).
10
Let x(b) = b**3 - 49*b**2 - 164*b + 3284. Give x(51).
122
Let w(z) = -2*z**2 - 521*z - 8678. Determine w(-17).
-399
Let g(x) = -x**3 - 48*x**2 - 125*x + 301. What is g(-45)?
-149
Let u(m) = 3320*m + 25471. Give u(-8).
-1089
Let f(d) = -3*d**3 + 2058*d**2 - 8202*d + 80. Determine f(4).
8
Let i(z) = -2*z**3 - 358*z**2 - 9634*z + 65. Give i(-33).
-1
Let j(u) = -13*u**3 + 3625*u**2 + 556*u + 533. Determine j(279).
-25
Let i(h) = -52*h**2 - 231*h - 129. Give i(-4).
-37
Let i(r) = 3*r**3 - 120*r**2 - r - 5708. What is i(41)?
-706
Let q(i) = -i**3 - 363*i**2 + 6525*i + 24724. Determine q(-380).
24
Let j(h) = h**2 + 7219*h + 315686. What is j(-44)?
-14
Let y(s) = 3*s**2 - 4676*s - 14016. Calculate y(-3).
39
Let i(n) = -3*n**2 + 2293*n - 107139. Calculate i(50).
11
Let r(q) = 25*q**3 - 4450*q**2 - q + 220. Determine r(178).
42
Let o(i) = i**2 - 235*i + 1912. Determine o(181).
-7862
Let v(y) = 4*y**2 + 116*y + 656. Calculate v(-13).
-176
Let b(n) = 105854*n + 8044896. Determine b(-76).
-8
Let x(j) = 167263*j - 334578. What is x(2)?
-52
Let f(c) = c**2 + 677*c - 6211. Determine f(9).
-37
Let u(m) = 6*m**2 + 24521*m + 146996. Determine u(-6).
86
Let a(r) = -10*r**2 - 172*r - 602. Calculate a(-18).
-746
Let l(m) = -77*m**2 - 82*m + 71. Calculate l(1).
-88
Let a(r) = -15817*r - 4586947. Calculate a(-290).
-17
Let f(o) = 2*o**3 + 91*o**2 - 1181*o - 291. Calculate f(-56).
-11
Let v(f) = -2044*f + 8262. Determine v(4).
86
Let q(b) = -66*b**2 - 178*b - 781. Determine q(-4).
-1125
Let q(m) = -16202*m + 4698578. Calculate q(290).
-2
Let l(t) = -t**3 - 40*t**2 + 1360*t + 54043. Calculate l(-38).
-525
Let z(d) = d**2 + 54*d - 1412. Calculate z(-74).
68
Let o(b) = 1682*b + 107851. Determine o(-65).
-1479
Let y(a) = 824*a - 17135. What is y(21)?
169
Let v(z) = -5*z**2 + 86*z + 81. Calculate v(-1).
-10
Let f(a) = 4*a**3 - 111*a**2 + 69*a - 156. Determine f(27).
-480
Let i(j) = j**2 - 2691*j - 156663. What is i(-57)?
-27
Let k(n) = -94309*n - 1131755. Determine k(-12).
-47
Let f(d) = d**3 + 2*d**2 + 279*d - 564. Determine f(2).
10
Let j(r) = -1000*r + 4138. Determine j(4).
138
Let w(p) = -p**3 - 1948*p**2 + 7810*p - 3. Determine w(4).
5
Let b(p) = -p**3 - 49*p**2 - 582*p - 6189. Calculate b(-38).
43
Let v(u) = 4*u**2 - 3658*u - 20245. What is v(920)?
-5
Let m(x) = -601*x**3 - 54*x**2 - 3*x - 4. Calculate m(-1).
546
Let g(w) = w**3 - 60*w**2 + 1008*w - 3142. Calculate g(4).
-6
Let t(x) = -18*x**2 + 7*x + 16. What is t(-6)?
-674
Let j(y) = 69*y**2 + 28766*y - 2787. Calculate j(-417).
132
Let a(t) = -70193*t + 7440454. Calculate a(106).
-4
Let w(x) = 12*x**2 - 446*x + 1661. What is w(33)?
11
Let b(d) = -116*d + 143. Give b(4).
-321
Let x(k) = -k**3 - 357*k**2 - 4450*k + 239. Determine x(-13).
-47
Let a(r) = -r**3 - 95*r**2 + 1290*r + 565. What is a(-107)?
-77
Let a(b) = -b**3 + 37*b**2 + 94*b - 396. Give a(39).
228
Let z(s) = -s**3 + 183*s**2 - 39*s + 7174. Determine z(183).
37
Let r(f) = -2*f**3 - 23*f**2 - 26*f + 1. Calculate r(-8).
-239
Let u(b) = -2*b**2 + 45421*b - 317970. What is u(7)?
-121
Let u(z) = z**3 + 39*z**2 + 4189*z - 8535. Determine u(2).
7
Let i(r) = -97032*r + 11546804. Determine i(119).
-4
Let n(j) = 1342*j + 317337. Determine n(-236).
625
Let b(p) = 141*p**3 + p**2 - 27*p + 70. Determine b(2).
1148
Let m(g) = 153*g**2 - 1486*g + 1485. What is m(1)?
152
Let w(s) = -s**3 - 105*s**2 + 17*s - 10294. Calculate w(-106).
-860
Let t(a) = 2*a**3 - 61*a**2 - 40*a + 1959. Determine t(6).
-45
Let i(r) = 8297*r - 33884. What is i(4)?
-696
Let j(a) = a**3 - 282*a**2 - 23389*a - 79. Give j(-67).
323
Let r(f) = -322*f + 2316. Give r(7).
62
Let w(a) = -660*a + 288447. What is w(438)?
-633
Let l(j) = j**3 - 276*j**2 + 2790*j + 33120. Determine l(265).
-5
Let l(d) = -d**2 - 136*d - 1687. What is l(-16)?
233
Let r(q) = 1258*q - 120776. Determine r(96).
-8
Let t(g) = -g**3 - 158*g**2 - 462*g + 266. What is t(-155)?
-199
Let g(m) = 6*m**2 - 102*m + 474. Determine g(10).
54
Let f(g) = -2532*g + 35392. Determine f(14).
-56
Let k(l) = -2*l**2 + 58*l - 314. Give k(18).
82
Let s(g) = -2*g**2 - 24283*g + 1857072. Give s(76).
12
Let j(a) = 8*a**3 + 79*a**2 - 15*a + 197. What is j(-10)?
247
Let i(a) = -a**3 - 97*a**2 + 1066*a - 83. Give i(10).
-123
Let m(n) = -n**3 - 65*n**2 + 68*n - 9274. Calculate m(-68).
-26
Let i(g) = -39*g**3 - 11*g**2 - 15*g + 3. What is i(-3)?
1002
Let z(y) = 2044*y - 18959. Calculate z(9).
-563
Let x(d) = -11*d**2 + 1856*d - 20568. Determine x(11).
-1483
Let c(y) = -2*y**3 - 348*y**2 - 15100*y + 349. Calculate c(-91).
-197
Let x(h) = h**3 - 139*h**2 - 573*h + 373. Determine x(143).
230
Let x(a) = -2*a**3 - 17*a**2 + 73*a - 65. Give x(2).
-3
Let t(k) = 29603*k**2 - 177629*k - 2. Calculate t(6).
-68
Let j(z) = 961577*z + 2884722. Determine j(-3).
-9
Let t(f) = -3*f**3 - 161*f**2 + 566*f - 47. Determine t(3).
121
Let i(d) = d**3 - 10*d**2 - 1293*d - 190. Give i(-31).
492
Let g(l) = -14*l**2 + 1330*l - 5309. Give g(4).
-213
Let g(t) = -2*t**2 + 183*t - 3137. Calculate g(70).
-127
Let m(w) = 2*w**3 + 86*w**2 + 67*w - 749. Determine m(-42).
-35
Let f(k) = -17*k**2 + 5309*k - 12448. Give f(310).
-358
Let z(b) = -86*b - 13001. Determine z(-158).
587
Let i(w) = w**3 - 28*w**2 + 186*w - 2146. Give i(24).
14
Let a(d) = 104*d**2 - 11695*d + 5266. Determine a(112).
2
Let h(a) = 3*a**2 - 67131*a - 201389. Give h(-3).
31
Let t(r) = -6245*r + 68670. What is t(11)?
-25
Let f(l) = 44*l**3 + 10779*l**2 - 229*l + 3845. Determine f(-245).
-75
Let y(d) = 5*d**3 + 1344*d**2 + 24650*d - 245. Determine y(-249).
4
Let v(y) = -2*y**3 + 105*y**2 - 1244*y + 767. What is v(35)?
102
Let p(s) = 77*s**3 - 2078*s**2 - 15*s - 110. Determine p(27).
214
Let x(o) = 4*o**3 - 18*o**2 + 16*o - 316. What is x(6)?
-4
Let v(p) = -348189*p - 1044568. Determine v(-3).
-1
Let b(z) = 353*z**2 - 4863*z + 4864. Calculate b(1).
354
Let q(f) = 10*f**3 + 6*f**2 + 20*f - 213. Calculate q(5).
1287
Let q(x) = x**3 - 41*x**2 + 147*x + 1096. Calculate q(34).
-1998
Let w(j) = -183*j**2 + 7290*j - 5942. Calculate w(39).
25
Let q(z) =